er when l(44) is divided by 30.
20
Let g be -331 + -4 + 4 + -2 + 2. Let f = 193 + g. Calculate the remainder when 45 is divided by (-2 - f/5) + (-9)/15.
20
Let d be -4 + 2070/(12/(-4)) + 0. Let s = d - -699. Calculate the remainder when 122 is divided by s.
2
Let b = 10 - -12. What is the remainder when (3 + 6)/((-1080)/(-26280)) is divided by b?
21
Let k = 3973 + -3952. Suppose 0 = -2*s - 2*s + 164. What is the remainder when s is divided by k?
20
Suppose -2926*c + 1465*c - 595 = -1466*c. What is the remainder when 347 is divided by c?
109
Suppose 8 = -a + 4*n - 2, 0 = -2*a + 5*n - 11. Suppose x + a*y - 33 = 0, -26 = -2*x + 3*y + 5. Calculate the remainder when 131 is divided by x.
16
Suppose 2*x - 3*d - 8 = -d, 8 = 4*d. Calculate the remainder when 1517 is divided by x.
5
Suppose 0 = -5*z + 2*k + 4371, z - 5*k = 4*z - 2666. What is the remainder when z is divided by 175?
2
Suppose 2589 = -5*l - 3*u, 3*l + 1559 = 2*u - u. Let q = -508 - l. What is the remainder when 75 is divided by q?
9
Let v(o) = 69*o - 3302. Calculate the remainder when 2244 is divided by v(48).
4
Let h(y) be the third derivative of y**5/30 - 31*y**4/24 - 2*y**3/3 + y**2 - 32*y. What is the remainder when 20 is divided by h(16)?
8
Let z(q) = q**3 - 3*q + 162. Let n be z(0). Let m = n - 153. What is the remainder when 196 is divided by m?
7
Suppose -q + 5*w = 2*q - 37, 75 = 5*q + 5*w. Suppose -q*o = -9*o - 680. Suppose 6*s - 69 = 3*s. What is the remainder when o is divided by s?
21
Suppose -4*k + 622 = 2*h, 0 = 2*k + 2*h - 342 + 36. What is the remainder when k is divided by 10?
8
What is the remainder when 9343 is divided by (-13 - (-21 + -12)) + -4?
15
Let j be (0 + -1 - 0) + 0. Let i be 75/(-4 - 132/(-27) - (-4)/36). Let y = i - j. What is the remainder when y is divided by 13?
11
Let d(a) = -3*a**3 + 16*a**2 + 16*a + 36. What is the remainder when 775 is divided by d(6)?
55
Let j = -107 + 157. Suppose 141 = 4*l - 3*v, -159 = -4*l - 5*v - 10. Suppose -d + l = d. Calculate the remainder when j is divided by d.
14
Suppose 7*m + 598 = 4*a + 10*m, 4*a + 5*m = 594. Suppose -5*l - 7 = -62. What is the remainder when a is divided by l?
8
Let r = 95 - 64. Let y = 229 + -226. Suppose y*c + 98*u - 93*u = 44, -3*c - u + 28 = 0. What is the remainder when r is divided by c?
7
Calculate the remainder when 346 is divided by ((-280)/336)/((-4)/264).
16
Suppose -92415 = -126*p - 26139. What is the remainder when p is divided by 191?
144
Suppose 0*k = k + 4, 2*w + 2*k = 144. What is the remainder when w is divided by (-90)/(-120) + 3/((-12)/(-49))?
11
What is the remainder when 217 is divided by (-2)/8*-339*128/96?
104
Let j = -3343 + 3510. Calculate the remainder when 1832 is divided by j.
162
Suppose -2*f = 2*f - 660. Let r(h) = 2*h**2 - 213*h - 1308. Calculate the remainder when f is divided by r(-6).
39
Let j(p) be the first derivative of 7*p**2/2 + p - 62. What is the remainder when 38 is divided by j(2)?
8
Suppose -14*v = -5*v - 576. Calculate the remainder when v/(-112) - (-5)/((-35)/(-1278)) is divided by 63.
56
Let q(g) = -g**3 - 26*g**2 + 22*g + 102. What is the remainder when q(-27) is divided by 80?
77
Let c = 4183 - 4055. Calculate the remainder when c is divided by 100.
28
Suppose 0 = -16*w + 4238 + 14242. Suppose -4*f + w = -17. Calculate the remainder when f is divided by 59.
57
Suppose 0*r = -13*r - 0*r + 13143. What is the remainder when r is divided by 149?
117
Suppose -13679 = -16*q + 11*q - z, 0 = 2*q + 2*z - 5470. Calculate the remainder when q is divided by 86.
70
Let c = 1172 - 761. Suppose 51*m = 53*m - 2. What is the remainder when 1 + c*m/3 is divided by 28?
26
Let j be (-2 - 63) + -6*(-2)/6. Let v = j + 131. What is the remainder when v is divided by 7?
5
Let p(h) = 205*h + 2760. What is the remainder when 338 is divided by p(-12)?
38
Let c(l) = 2*l**2 - 6*l + 3. Calculate the remainder when c(6) is divided by (1*(-3)/(-24))/((-94)/(-21808)).
10
Suppose -1670 = -28*a + 850. Calculate the remainder when a is divided by 43.
4
What is the remainder when 233 is divided by -66 + 199 - (-12)/(-1)?
112
Let q be 1/(-1) + 48 + 1. Suppose 5*d + 2*b - 258 = 0, 3*d + b = q + 107. What is the remainder when d is divided by 2 - (-15)/(-6)*-10?
25
Let c(w) = w**3 - 45*w**2 - 50*w + 289. Let d be c(46). Let t be (-2)/((-108)/(-53) - 2). Let b = t + d. Calculate the remainder when b is divided by 9.
7
Let c = -195 + 386. Calculate the remainder when c is divided by 374/8 - (-3685)/2948.
47
Let b(q) = q**3 - 20*q**2 + 19*q + 20. Let t be ((-2)/8)/(906/456 - 2). Calculate the remainder when 23 is divided by b(t).
3
Let g be (1 + (-9)/(-6))/((-5)/10). Calculate the remainder when 46 is divided by (160/(-25))/((-162)/30 - g).
14
Suppose 5*v + 246 = s, -7*s = -2*s - 5*v - 1330. Let q = s + -210. Let k = -71 - -104. What is the remainder when q is divided by k?
28
Suppose -68*z + 234528 = -26*z. Calculate the remainder when z is divided by 9.
4
Suppose 4*d - 100 = 4*j, -2*j - 100 = -4*d - 6*j. Let k = -384 - -791. Let y = k - 286. What is the remainder when y is divided by d?
21
Let q be (-9)/(-3) + 41*(3 + -6). Calculate the remainder when 77 is divided by ((-5)/q*52)/((-4)/(-24)).
12
Let u = -19323 - -19886. What is the remainder when 2263 is divided by u?
11
Let i(h) = -2*h - 10. What is the remainder when ((-3763)/212 - -14)*-4*2 is divided by i(-10)?
0
Suppose -25210 = -36*u + 1070. What is the remainder when u is divided by 730?
0
Let i be 6/(-10)*-1 - 5134/(-85). Let n = i + -30. What is the remainder when n is divided by 8?
7
Let h(o) = 4*o**2 - 3*o + 2. Calculate the remainder when h(3) is divided by -5 - 422/(-18) - 20/45.
11
Let t = -2185 - -2197. Suppose -a + 35 = -4*q, 2 = -2*a - 2*q + 82. Calculate the remainder when a is divided by t.
3
Let a(n) = -17*n**3 + 33*n**2 + 68*n + 7. Calculate the remainder when 415 is divided by a(-2).
137
Let a = -73 + 77. Suppose 5*x - 10 = 0, -a*z + x - 2*x = -262. Calculate the remainder when z is divided by 407/22 - 3/2.
14
Let s be 4 + -13 + 3 - -11. Suppose s*r + 2*d - 80 = -3*d, -4*d - 4 = 0. What is the remainder when 144 is divided by r?
8
Let t = 14304 + -13460. Calculate the remainder when t is divided by 64.
12
Suppose -308*f + 309*f - 3 = 0. Suppose -x + 0*x = -5*n - 172, 564 = f*x - 3*n. What is the remainder when x is divided by 65?
62
Let y = -8153 - -9702. What is the remainder when y is divided by 222?
217
Let j be 2/(-3)*(-1 + -2). Suppose 0 = -j*q + 24. Let f(g) = 995*g + 4027. What is the remainder when f(-4) is divided by q?
11
Suppose -4*u + 64 = 16. Let g(p) = p**3 - 12*p**2 + 9*p + 89. Calculate the remainder when g(11) is divided by u.
7
Suppose 367*j - 105875 = 92*j. Calculate the remainder when j is divided by 39.
34
Let z(n) = -n**2 + 14*n + 6. Let d be z(0). Let t(c) = 5*c + 8. Calculate the remainder when t(d) is divided by 2.
0
What is the remainder when 464 is divided by -1 + ((-1)/(-2) - 3)*2 - -13?
2
Calculate the remainder when (-530)/(-6)*126/70 - (-3 + 8) is divided by 39.
37
Suppose -31*h = -35*h + 112. Let n = h + -22. Suppose 0 = n*r - 4*r - 276. Calculate the remainder when r is divided by 35.
33
Let j(l) = l**2 - 119*l - 833. Calculate the remainder when 135 is divided by j(-7).
37
Let j = 34 - 23. Calculate the remainder when 264/j - (2 - 1) - -4 is divided by 6.
3
Suppose -4*r = -8*r. Suppose -w + 133 = -r*w. Let g(d) = 11*d**2 - 99*d - 42. Calculate the remainder when w is divided by g(10).
65
Suppose r - 2*p = -1, -p = r + 2*r - 11. Suppose 3*o - 6*o - 4*i = -56, -3*o + r*i + 42 = 0. What is the remainder when 191 is divided by o?
15
Let o(b) = -3*b. Suppose -11*c + 2380 - 1962 = 0. Calculate the remainder when c is divided by o(-7).
17
Let m(u) = -u**3 - 12*u**2 + 11*u - 8. Let x be ((-2)/3)/(1 + (-29)/27). Let w be x/(-6)*((-42)/(-9) - -4). What is the remainder when m(w) is divided by 5?
3
Suppose -12*k - 4*h - 378 = -17*k, 5*k - 5*h - 375 = 0. Let q = 111 - k. Calculate the remainder when q is divided by 6.
3
Suppose 0 = 4*z + 4*l + 57 + 91, -4*l + 42 = -z. Let k = -42 - z. Calculate the remainder when (-8)/4 + 46 + k is divided by 7.
5
Let q(y) = y**3 - y**2 - 3*y + 42. Let b be q(0). Suppose 0 = 3*k + b - 15. What is the remainder when 139 is divided by 910/45 - (-2)/k?
19
Let l(k